{"id":374,"date":"2023-12-21T15:55:53","date_gmt":"2023-12-21T14:55:53","guid":{"rendered":"https:\/\/laperseverance.org\/?page_id=374"},"modified":"2024-09-06T17:19:03","modified_gmt":"2024-09-06T15:19:03","slug":"la-perseverance-liens-utiles","status":"publish","type":"page","link":"https:\/\/laperseverance.org\/index.php\/la-perseverance-liens-utiles\/","title":{"rendered":"Liens utiles"},"content":{"rendered":"\n<p style=\"font-size:25px\"><strong> <\/strong><\/p>\n\n\n\n\n\n<p><\/p>\n\n\n\n<p><\/p>\n\n\n\n<p><\/p>\n\n\n\n<p><\/p>\n\n\n\n<p><\/p>\n\n\n\n\n\n<p><\/p>\n\n\n\n<p><\/p>\n\n\n\n<p><\/p>\n\n\n\n<p><\/p>\n\n\n","protected":false},"excerpt":{"rendered":"","protected":false},"author":1,"featured_media":0,"parent":0,"menu_order":0,"comment_status":"closed","ping_status":"closed","template":"elementor_theme","meta":{"saved_in_kubio":true,"footnotes":""},"class_list":["post-374","page","type-page","status-publish","hentry"],"kubio_ai_page_context":{"short_desc":"","purpose":"general"},"yoast_head":"<!-- This site is optimized with the Yoast SEO plugin v27.5 - https:\/\/yoast.com\/product\/yoast-seo-wordpress\/ -->\n<title>Loge La Pers\u00e9v\u00e9rance - liens utiles -<\/title>\n<meta name=\"description\" content=\"Liens vers le site du GODF, le mus\u00e9e de la franc-ma\u00e7onnerie, la fondation du GODF et la biblioth\u00e8que du GODF\" \/>\n<meta name=\"robots\" content=\"index, follow, max-snippet:-1, max-image-preview:large, max-video-preview:-1\" \/>\n<link rel=\"canonical\" href=\"https:\/\/laperseverance.org\/index.php\/la-perseverance-liens-utiles\/\" \/>\n<meta property=\"og:locale\" content=\"fr_FR\" \/>\n<meta property=\"og:type\" content=\"article\" \/>\n<meta property=\"og:title\" content=\"Loge La Pers\u00e9v\u00e9rance - liens utiles -\" \/>\n<meta property=\"og:description\" content=\"Liens vers le site du GODF, le mus\u00e9e de la franc-ma\u00e7onnerie, la fondation du GODF et la biblioth\u00e8que du GODF\" \/>\n<meta property=\"og:url\" content=\"https:\/\/laperseverance.org\/index.php\/la-perseverance-liens-utiles\/\" \/>\n<meta property=\"og:site_name\" content=\"Loge La Pers\u00e9v\u00e9rance\" \/>\n<meta property=\"article:modified_time\" content=\"2024-09-06T15:19:03+00:00\" \/>\n<meta name=\"twitter:card\" content=\"summary_large_image\" \/>\n<script type=\"application\/ld+json\" class=\"yoast-schema-graph\">{\"@context\":\"https:\\\/\\\/schema.org\",\"@graph\":[{\"@type\":\"WebPage\",\"@id\":\"https:\\\/\\\/laperseverance.org\\\/index.php\\\/la-perseverance-liens-utiles\\\/\",\"url\":\"https:\\\/\\\/laperseverance.org\\\/index.php\\\/la-perseverance-liens-utiles\\\/\",\"name\":\"Loge La Pers\u00e9v\u00e9rance - liens utiles -\",\"isPartOf\":{\"@id\":\"https:\\\/\\\/laperseverance.org\\\/#website\"},\"datePublished\":\"2023-12-21T14:55:53+00:00\",\"dateModified\":\"2024-09-06T15:19:03+00:00\",\"description\":\"Liens vers le site du GODF, le mus\u00e9e de la franc-ma\u00e7onnerie, la fondation du GODF et la biblioth\u00e8que du GODF\",\"breadcrumb\":{\"@id\":\"https:\\\/\\\/laperseverance.org\\\/index.php\\\/la-perseverance-liens-utiles\\\/#breadcrumb\"},\"inLanguage\":\"fr-FR\",\"potentialAction\":[{\"@type\":\"ReadAction\",\"target\":[\"https:\\\/\\\/laperseverance.org\\\/index.php\\\/la-perseverance-liens-utiles\\\/\"]}]},{\"@type\":\"BreadcrumbList\",\"@id\":\"https:\\\/\\\/laperseverance.org\\\/index.php\\\/la-perseverance-liens-utiles\\\/#breadcrumb\",\"itemListElement\":[{\"@type\":\"ListItem\",\"position\":1,\"name\":\"Accueil\",\"item\":\"https:\\\/\\\/laperseverance.org\\\/\"},{\"@type\":\"ListItem\",\"position\":2,\"name\":\"Liens utiles\"}]},{\"@type\":\"WebSite\",\"@id\":\"https:\\\/\\\/laperseverance.org\\\/#website\",\"url\":\"https:\\\/\\\/laperseverance.org\\\/\",\"name\":\"Loge ma\u00e7onnique La Pers\u00e9v\u00e9rance\",\"description\":\"Loge ma\u00e7onnique du Grand Orient de France \u00e0 Saumur\",\"publisher\":{\"@id\":\"https:\\\/\\\/laperseverance.org\\\/#organization\"},\"alternateName\":\"La Pers\u00e9v\u00e9rance\",\"potentialAction\":[{\"@type\":\"SearchAction\",\"target\":{\"@type\":\"EntryPoint\",\"urlTemplate\":\"https:\\\/\\\/laperseverance.org\\\/?s={search_term_string}\"},\"query-input\":{\"@type\":\"PropertyValueSpecification\",\"valueRequired\":true,\"valueName\":\"search_term_string\"}}],\"inLanguage\":\"fr-FR\"},{\"@type\":\"Organization\",\"@id\":\"https:\\\/\\\/laperseverance.org\\\/#organization\",\"name\":\"Loge ma\u00e7onnique La Pers\u00e9v\u00e9rance\",\"url\":\"https:\\\/\\\/laperseverance.org\\\/\",\"logo\":{\"@type\":\"ImageObject\",\"inLanguage\":\"fr-FR\",\"@id\":\"https:\\\/\\\/laperseverance.org\\\/#\\\/schema\\\/logo\\\/image\\\/\",\"url\":\"https:\\\/\\\/laperseverance.org\\\/wp-content\\\/uploads\\\/2023\\\/12\\\/logo_LP.png\",\"contentUrl\":\"https:\\\/\\\/laperseverance.org\\\/wp-content\\\/uploads\\\/2023\\\/12\\\/logo_LP.png\",\"width\":120,\"height\":113,\"caption\":\"Loge ma\u00e7onnique La Pers\u00e9v\u00e9rance\"},\"image\":{\"@id\":\"https:\\\/\\\/laperseverance.org\\\/#\\\/schema\\\/logo\\\/image\\\/\"}}]}<\/script>\n<!-- \/ Yoast SEO plugin. -->","yoast_head_json":{"title":"Loge La Pers\u00e9v\u00e9rance - liens utiles -","description":"Liens vers le site du GODF, le mus\u00e9e de la franc-ma\u00e7onnerie, la fondation du GODF et la biblioth\u00e8que du GODF","robots":{"index":"index","follow":"follow","max-snippet":"max-snippet:-1","max-image-preview":"max-image-preview:large","max-video-preview":"max-video-preview:-1"},"canonical":"https:\/\/laperseverance.org\/index.php\/la-perseverance-liens-utiles\/","og_locale":"fr_FR","og_type":"article","og_title":"Loge La Pers\u00e9v\u00e9rance - liens utiles -","og_description":"Liens vers le site du GODF, le mus\u00e9e de la franc-ma\u00e7onnerie, la fondation du GODF et la biblioth\u00e8que du GODF","og_url":"https:\/\/laperseverance.org\/index.php\/la-perseverance-liens-utiles\/","og_site_name":"Loge La Pers\u00e9v\u00e9rance","article_modified_time":"2024-09-06T15:19:03+00:00","twitter_card":"summary_large_image","schema":{"@context":"https:\/\/schema.org","@graph":[{"@type":"WebPage","@id":"https:\/\/laperseverance.org\/index.php\/la-perseverance-liens-utiles\/","url":"https:\/\/laperseverance.org\/index.php\/la-perseverance-liens-utiles\/","name":"Loge La Pers\u00e9v\u00e9rance - liens utiles -","isPartOf":{"@id":"https:\/\/laperseverance.org\/#website"},"datePublished":"2023-12-21T14:55:53+00:00","dateModified":"2024-09-06T15:19:03+00:00","description":"Liens vers le site du GODF, le mus\u00e9e de la franc-ma\u00e7onnerie, la fondation du GODF et la biblioth\u00e8que du GODF","breadcrumb":{"@id":"https:\/\/laperseverance.org\/index.php\/la-perseverance-liens-utiles\/#breadcrumb"},"inLanguage":"fr-FR","potentialAction":[{"@type":"ReadAction","target":["https:\/\/laperseverance.org\/index.php\/la-perseverance-liens-utiles\/"]}]},{"@type":"BreadcrumbList","@id":"https:\/\/laperseverance.org\/index.php\/la-perseverance-liens-utiles\/#breadcrumb","itemListElement":[{"@type":"ListItem","position":1,"name":"Accueil","item":"https:\/\/laperseverance.org\/"},{"@type":"ListItem","position":2,"name":"Liens utiles"}]},{"@type":"WebSite","@id":"https:\/\/laperseverance.org\/#website","url":"https:\/\/laperseverance.org\/","name":"Loge ma\u00e7onnique La Pers\u00e9v\u00e9rance","description":"Loge ma\u00e7onnique du Grand Orient de France \u00e0 Saumur","publisher":{"@id":"https:\/\/laperseverance.org\/#organization"},"alternateName":"La Pers\u00e9v\u00e9rance","potentialAction":[{"@type":"SearchAction","target":{"@type":"EntryPoint","urlTemplate":"https:\/\/laperseverance.org\/?s={search_term_string}"},"query-input":{"@type":"PropertyValueSpecification","valueRequired":true,"valueName":"search_term_string"}}],"inLanguage":"fr-FR"},{"@type":"Organization","@id":"https:\/\/laperseverance.org\/#organization","name":"Loge ma\u00e7onnique La Pers\u00e9v\u00e9rance","url":"https:\/\/laperseverance.org\/","logo":{"@type":"ImageObject","inLanguage":"fr-FR","@id":"https:\/\/laperseverance.org\/#\/schema\/logo\/image\/","url":"https:\/\/laperseverance.org\/wp-content\/uploads\/2023\/12\/logo_LP.png","contentUrl":"https:\/\/laperseverance.org\/wp-content\/uploads\/2023\/12\/logo_LP.png","width":120,"height":113,"caption":"Loge ma\u00e7onnique La Pers\u00e9v\u00e9rance"},"image":{"@id":"https:\/\/laperseverance.org\/#\/schema\/logo\/image\/"}}]}},"_links":{"self":[{"href":"https:\/\/laperseverance.org\/index.php\/wp-json\/wp\/v2\/pages\/374","targetHints":{"allow":["GET"]}}],"collection":[{"href":"https:\/\/laperseverance.org\/index.php\/wp-json\/wp\/v2\/pages"}],"about":[{"href":"https:\/\/laperseverance.org\/index.php\/wp-json\/wp\/v2\/types\/page"}],"author":[{"embeddable":true,"href":"https:\/\/laperseverance.org\/index.php\/wp-json\/wp\/v2\/users\/1"}],"replies":[{"embeddable":true,"href":"https:\/\/laperseverance.org\/index.php\/wp-json\/wp\/v2\/comments?post=374"}],"version-history":[{"count":77,"href":"https:\/\/laperseverance.org\/index.php\/wp-json\/wp\/v2\/pages\/374\/revisions"}],"predecessor-version":[{"id":1441,"href":"https:\/\/laperseverance.org\/index.php\/wp-json\/wp\/v2\/pages\/374\/revisions\/1441"}],"wp:attachment":[{"href":"https:\/\/laperseverance.org\/index.php\/wp-json\/wp\/v2\/media?parent=374"}],"curies":[{"name":"wp","href":"https:\/\/api.w.org\/{rel}","templated":true}]}}